z(w). List the prime factors of r(10).
2, 3, 11
Let q be (0/(-4) - -15)*-1. Let d = q - -18. Suppose 14 - 101 = -d*t. List the prime factors of t.
29
Suppose -3*u - 3*b + 9033 = 0, u + 11*b - 14*b = 2991. What are the prime factors of u?
2, 3, 167
What are the prime factors of 391 + -140 - (1 - -1)?
3, 83
Suppose -44*f = -5*f - 23829. List the prime factors of f.
13, 47
Suppose -3*s - 628 = 2*k, 10 = -k - k. Let h = 373 + s. Suppose 5*c = -32 + h. What are the prime factors of c?
3
Suppose 0 = -q + 5, 4*z - 3*q - 89 = -24. Let y = 62 - z. What are the prime factors of y?
2, 3, 7
Let w = -155 + 199. What are the prime factors of w?
2, 11
Let p = 89 + -85. Suppose -766 = -p*a - 2*m - 3*m, -372 = -2*a + 3*m. List the prime factors of a.
3, 7
Let d(m) = -m**2 + 15*m - 20. Suppose -56*g + 65 = -51*g. What are the prime factors of d(g)?
2, 3
Let j = 61 + 32. Suppose r - 25 = j. List the prime factors of r.
2, 59
Let f be (33/(-15) - 1)*5. Let v = f - -16. Suppose -5*a - c + 112 = 0, 2*c + 98 = 4*a - v*a. What are the prime factors of a?
23
Let c(k) = 36*k**2 - 2*k + 1. Let g(z) = -35*z**2 + z - 1. Let t(d) = -3*c(d) - 4*g(d). What are the prime factors of t(-1)?
31
Suppose 2*p + 10 = 4*y, -3*p + 12 = y - 1. Suppose -p*k = -2*k + 3. List the prime factors of 13 + k + 1 - -1.
2, 3
Let o = -211 - 137. Let s = o + 589. What are the prime factors of s?
241
Suppose -4*s = -4*x + 416, x - 6*s = -3*s + 114. Let d = 293 - x. List the prime factors of d.
2, 97
Let v(r) = 3*r**2 + 9. Let c be v(-9). Suppose 493 + c = 5*u. List the prime factors of u.
149
Let z = 2907 - 1269. List the prime factors of z.
2, 3, 7, 13
Suppose 3*a - 4*f + 0*f - 23 = 0, 0 = 2*a + 5*f + 23. Suppose 2*g - 22 = -3*i, -3*g + i = -10 - a. Suppose -45 - 80 = -g*y. List the prime factors of y.
5
Let j(k) = k**2 - 8*k + 13. Let f be j(9). Let m be f/(-2*(-1)/1). What are the prime factors of m/33 - (-17)/3?
2, 3
Let q be 116/2*(-35)/14. Let l = q + 217. List the prime factors of l.
2, 3
Let m(s) = 8*s**2 - 3*s + 6. Let p be m(3). Suppose -2*j + p = -45. What are the prime factors of j?
3, 19
List the prime factors of -1462*(-6 - 2 - -7).
2, 17, 43
Suppose -4*a + 25 = -31. Let j be a*2/4 + -2. Suppose -i - 3*f + 17 = 0, -29 = -j*i - f + 14. List the prime factors of i.
2
Let a(c) = -111*c - 104. List the prime factors of a(-5).
11, 41
Let p = 863 + -482. What are the prime factors of p?
3, 127
Suppose 187*d - 10748 = 183*d. What are the prime factors of d?
2687
Let x(j) = -j**2 + 6*j + 4. Let u be x(6). Suppose 5*v - 363 = u*k, 4*k = -v + 4*v - 221. What are the prime factors of v?
71
Let m(j) be the first derivative of j**4/4 - 16*j**3/3 + 5*j**2/2 + 5. List the prime factors of m(16).
2, 5
Let g(l) = 20*l**2 - 7*l + 9. List the prime factors of g(4).
7, 43
Let r(m) = -4*m**3 - m + 1. Let b(d) = -d**2 + 16*d - 15. Let x be b(15). Suppose x = -4*j - 3 - 5. What are the prime factors of r(j)?
5, 7
Suppose 10*p - 7*p = -k + 784, -1305 = -5*p - 2*k. List the prime factors of p.
263
Let l = -26 + 1211. List the prime factors of l.
3, 5, 79
Let z(m) = m**3 - 7*m**2 - 2*m - 11. Let k(w) = -w**2 - 10*w - 10. Let g be k(-6). Let x = g + -6. List the prime factors of z(x).
37
Let o(r) = -107*r + 76. What are the prime factors of o(-8)?
2, 233
Let x(t) = -2*t**2 + 41*t + 19. Let y be x(17). Let z = y + 15. What are the prime factors of z?
3, 17
Suppose 0 = -q - 2*o + 24, 2*o + 0*o = -3*q + 52. Suppose 15*d = q*d + 100. List the prime factors of d.
2, 5
Suppose -5*r + 461 = 3*a - 249, a = r + 250. What are the prime factors of a?
5, 7
Let y = 67 + -27. Suppose 3*f - y - 2 = 0. Let k = f + -6. What are the prime factors of k?
2
Let u(r) = -r**3 + 10*r**2 + 5*r - 8. Let q be u(10). Suppose -137 = -3*x + 4*a, x - a = q + 2. Let f = 60 - x. List the prime factors of f.
3, 7
Suppose -o - o = -4*y + 1338, -o = 5*y - 1669. What are the prime factors of y?
2, 167
Let m(r) = 407*r**2 - 3*r + 1. List the prime factors of m(-2).
3, 5, 109
Let w = -14 + 11. Let i be (8/(-12))/(w/(-153)). Let s = -14 - i. What are the prime factors of s?
2, 5
Let i(f) = 3*f**2 + 41*f + 76. List the prime factors of i(-35).
2, 3, 193
Suppose -2*r + 2*b = -82, 2*r + b - 139 = -r. Let d = r - -100. What are the prime factors of d?
5, 29
List the prime factors of 7*(-3 + 704)*1.
7, 701
Let v(h) = -h**3 + h**2 - 7. Let b be v(0). Let y be (-3)/(b + 4)*-25. Let w = 18 - y. List the prime factors of w.
43
Let n be 2 - (-1 + (5 - -3)). Let k(m) = m**2 - 5. Let h be k(n). Let q = h - 7. List the prime factors of q.
13
Let b(d) = -d**3 + 2*d**2 - d + 3. Let x(q) = -q + 11. Let g be x(9). Let k be b(g). Let y(r) = 44*r**2 + r. What are the prime factors of y(k)?
3, 5
Let d = -171 + 192. Suppose d + 11 = c - 5*m, 5*m + 53 = 4*c. List the prime factors of c.
7
Let y(b) be the first derivative of b**4/4 - 2*b**3 - 2*b**2 + b + 4. Let q = 14 + -7. List the prime factors of y(q).
2, 11
Let t be 8*(-1)/2 - 553/(-1). Suppose -53*s - t = -56*s. List the prime factors of s.
3, 61
Suppose 0 = p + 2*k + 27, -k = -0*k. Let d be 3*1*(-414)/p. Suppose x = -x + 3*o + d, 2*x - 54 = -o. What are the prime factors of x?
2, 13
Let u(y) = -4*y - 17. Let l = 3 + -20. What are the prime factors of u(l)?
3, 17
Suppose -5*i = 20, 4*y + 2*i = 17657 - 1689. What are the prime factors of y?
2, 1997
Let r(a) be the first derivative of -35*a**4/4 - a**2/2 - a + 7. List the prime factors of r(-1).
5, 7
Let v be ((-10)/(-6))/((-12)/1980). What are the prime factors of (-24975)/v - (-2)/11?
7, 13
Let r(k) = k**3 - 4*k**2 + 13*k + 3. What are the prime factors of r(5)?
3, 31
Let c(z) = z - 7. Let o be c(5). What are the prime factors of (56 - o - -2) + 1?
61
Suppose -w = 7*g - 9*g + 214, -4*g - w + 416 = 0. What are the prime factors of g?
3, 5, 7
Let x(h) = 14*h + 14. Let b be x(-13). What are the prime factors of (-11544)/b - 4/(-14)?
3, 23
Let o be ((-8)/7)/((-2)/7). Suppose o*i - m = -9, -2*m + 8 = 3*i + 1. Let v = i - -9. What are the prime factors of v?
2
Suppose 5*v = 3*v + 34. Suppose 590 = v*y - 12*y. List the prime factors of y.
2, 59
Let t(a) = a**3 - 3*a**2 - 6*a + 4. Let x = -51 + 58. List the prime factors of t(x).
2, 79
Let l = 7 - 6. Suppose 3 = 2*u - l. Suppose u*k - 36 = -2*y, -2*k - 2*y + 11 = -5*y. What are the prime factors of k?
13
Let m(s) be the second derivative of 117*s**5/10 - s**4/4 + s**3/3 - 3*s. List the prime factors of m(1).
233
Suppose 0 = l - 4*l + 21. Let g(k) = k**2 - 2*k. Let c be g(l). List the prime factors of (c/14)/(2/4).
5
Let d = -1013 + 1555. List the prime factors of d.
2, 271
Let z = -1984 + 3048. List the prime factors of z.
2, 7, 19
Let k(h) = h**2 - 3*h + 2. Let x be k(3). Suppose -8 = -x*y - 5*w, -y + w - 5*w + 4 = 0. List the prime factors of 2/y*(4 + 90).
47
Suppose 0 = -12*v + 10*v + 34. Let g = -1 + v. List the prime factors of g.
2
Suppose 0 = 46*l - 9*l - 6216. What are the prime factors of l?
2, 3, 7
Suppose 0 = -215*d + 219*d - 1188. What are the prime factors of d?
3, 11
Let l be 8/(-20) - ((-17)/5 - 1). Suppose -l*h - 2*h = -54. What are the prime factors of h?
3
Let o(t) = -t**3 + 17*t**2 - 11*t + 66. List the prime factors of o(12).
2, 3, 109
Suppose -2*s + 126 = -i, i = -4*i. Suppose -s*k = -68*k + 630. What are the prime factors of k?
2, 3, 7
Let p(u) = u**3 - 2*u**2 - u + 3. Let v be p(-2). Let b(d) be the second derivative of -d**4/12 - 7*d**3/3 + 7*d**2/2 - d. What are the prime factors of b(v)?
2, 5
Let y(m) = m**2 - m + 4. Let v be y(0). Suppose v*n - 144 = -4*n. What are the prime factors of n?
2, 3
Let i(m) = -2*m + 9*m - 16 + 3. What are the prime factors of i(8)?
43
Let k = 167 - 127. List the prime factors of 1370/16 - (-15)/k.
2, 43
Suppose 3*x + s - 8817 = -2431, -10*s - 8526 = -4*x. What are the prime factors of x?
2129
Let s be ((-2 - -3)*0)/(-2). Suppose -73 = -2*i + c - 18, s = -5*i + c + 133. Suppose 2*t - i - 26 = -4*k, 0 = 4*k + 12. List the prime factors of t.
2
Let u(g) = 15*g**3 - g**2 + 2*g - 2. List the prime factors of u(2).
2, 59
Suppose 4*x - 2*f = 1134, 2*f - 4 - 6 = 0. What are the prime factors of x?
2, 11, 13
Suppose -2*m + 5*a - 14 = 0, a - 10 = 2*m - 4. Let l be ((-1)/(-2))/((-1)/(-4)). What are the prime factors of (l/(-4))/(m/216)?
2, 3
Let l(h) be the third derivative o